{"id":15266,"date":"2023-08-01T10:00:00","date_gmt":"2023-08-01T08:00:00","guid":{"rendered":"https:\/\/www.riserva.it\/prodotto\/sac-a-dos-a-volume-variable-45-90-lt\/"},"modified":"2025-08-01T14:58:03","modified_gmt":"2025-08-01T12:58:03","slug":"sac-a-dos-a-volume-variable-45-90-lt","status":"publish","type":"product","link":"https:\/\/riserva.it\/fr\/prodotto\/sac-a-dos-a-volume-variable-45-90-lt\/","title":{"rendered":"Sac \u00e0 dos \u00e0 volume variable 45\/90 L"},"content":{"rendered":"<p>Sac \u00e0 dos technique pour la chasse en montagne en Cordura naturelle r\u00e9sin\u00e9 \u00e0 l&#8217;int\u00e9rieur pour une protection optimale et \u00e9quip\u00e9 de:<\/p>\n<ul>\n<li>un dos en filet tr\u00e8s comfortable\u00a0qui offre une respirabilit\u00e9 optimal<\/li>\n<li>volume est variable jusqu&#8217;\u00e0 90 litres gr\u00e2ce \u00e0 les zips YKK qui double quasiment de volume total et laisse le place pour un animal ou des \u00e9quipements<\/li>\n<li>une poche ext\u00e9rieure de 10x14x45cm pour spektive<\/li>\n<li>poche ext\u00e9rieure pour la carabine<\/li>\n<li>bretelles r\u00e9glables<\/li>\n<li>ceinture r\u00e9glable rembourr\u00e9e sur l&#8217;arri\u00e8re<\/li>\n<li>ceinture pectorale r\u00e9glable<\/li>\n<li>tecnologie\u00a0RECCO\u00ae incluse<\/li>\n<\/ul>\n<div>En cas d\u2019avalanche ou si perdus dans la nature, la technologie RECCO\u00ae vous rend localisable par les secours organis\u00e9s.<\/div>\n<p>Broderie: Logo Riserva<\/p>\n<p>Made in Vietnam<\/p>\n","protected":false},"excerpt":{"rendered":"<p>Sac \u00e0 dos technique pour la chasse en montagne en Cordura naturelle r\u00e9sin\u00e9 \u00e0 l&#8217;int\u00e9rieur pour une protection optimale et \u00e9quip\u00e9 de: un dos en filet<span class=\"excerpt-hellip\"> [\u2026]<\/span><\/p>\n","protected":false},"featured_media":3675,"comment_status":"closed","ping_status":"closed","template":"","meta":[],"product_brand":[],"product_cat":[985],"product_tag":[],"class_list":{"0":"post-15266","1":"product","2":"type-product","3":"status-publish","4":"has-post-thumbnail","6":"product_cat-sacs-a-dos-et-sacs","8":"first","9":"instock","10":"taxable","11":"shipping-taxable","12":"purchasable","13":"product-type-simple"},"_links":{"self":[{"href":"https:\/\/riserva.it\/fr\/wp-json\/wp\/v2\/product\/15266","targetHints":{"allow":["GET"]}}],"collection":[{"href":"https:\/\/riserva.it\/fr\/wp-json\/wp\/v2\/product"}],"about":[{"href":"https:\/\/riserva.it\/fr\/wp-json\/wp\/v2\/types\/product"}],"replies":[{"embeddable":true,"href":"https:\/\/riserva.it\/fr\/wp-json\/wp\/v2\/comments?post=15266"}],"version-history":[{"count":0,"href":"https:\/\/riserva.it\/fr\/wp-json\/wp\/v2\/product\/15266\/revisions"}],"wp:featuredmedia":[{"embeddable":true,"href":"https:\/\/riserva.it\/fr\/wp-json\/wp\/v2\/media\/3675"}],"wp:attachment":[{"href":"https:\/\/riserva.it\/fr\/wp-json\/wp\/v2\/media?parent=15266"}],"wp:term":[{"taxonomy":"product_brand","embeddable":true,"href":"https:\/\/riserva.it\/fr\/wp-json\/wp\/v2\/product_brand?post=15266"},{"taxonomy":"product_cat","embeddable":true,"href":"https:\/\/riserva.it\/fr\/wp-json\/wp\/v2\/product_cat?post=15266"},{"taxonomy":"product_tag","embeddable":true,"href":"https:\/\/riserva.it\/fr\/wp-json\/wp\/v2\/product_tag?post=15266"}],"curies":[{"name":"wp","href":"https:\/\/api.w.org\/{rel}","templated":true}]}}

Sac à dos à volume variable 45/90 L

<p>Sac à dos technique pour la chasse en montagne en Cordura naturelle résiné à l&#8217;intérieur pour une protection optimale et équipé de:</p>
<ul>
<li>un dos en filet très comfortable qui offre une respirabilité optimal</li>
<li>volume est variable jusqu&#8217;à 90 litres grâce à les zips YKK qui double quasiment de volume total et laisse le place pour un animal ou des équipements</li>
<li>une poche extérieure de 10x14x45cm pour spektive</li>
<li>poche extérieure pour la carabine</li>
<li>bretelles réglables</li>
<li>ceinture réglable rembourrée sur l&#8217;arrière</li>
<li>ceinture pectorale réglable</li>
<li>tecnologie RECCO® incluse</li>
</ul>
<div>En cas d’avalanche ou si perdus dans la nature, la technologie RECCO® vous rend localisable par les secours organisés.</div>
<p>Broderie: Logo Riserva</p>
<p>Made in Vietnam</p>

<p>Sac à dos technique pour la chasse en montagne en Cordura naturelle résiné à l&#8217;intérieur pour une protection optimale et équipé de: un dos en filet<span class="excerpt-hellip"> […]</span></p>
